{"id":767,"date":"2023-09-20T13:35:28","date_gmt":"2023-09-20T11:35:28","guid":{"rendered":"http:\/\/sp52.betulait.pl\/?page_id=767"},"modified":"2023-11-29T13:39:35","modified_gmt":"2023-11-29T12:39:35","slug":"regulamin-bibliotek-szkolnych","status":"publish","type":"page","link":"https:\/\/sp5.kwidzyn.pl\/?page_id=767","title":{"rendered":"Regulamin bibliotek szkolnych"},"content":{"rendered":"\t\t<div data-elementor-type=\"wp-page\" data-elementor-id=\"767\" class=\"elementor elementor-767\" data-elementor-post-type=\"page\">\n\t\t\t\t<div class=\"elementor-element elementor-element-7d139fef e-con-full e-flex wpr-particle-no wpr-jarallax-no wpr-parallax-no wpr-sticky-section-no e-con e-parent\" data-id=\"7d139fef\" data-element_type=\"container\" data-e-type=\"container\" data-settings=\"{&quot;background_background&quot;:&quot;classic&quot;}\">\n\t\t\t\t<div class=\"elementor-element elementor-element-4a491382 elementor-widget elementor-widget-html\" data-id=\"4a491382\" data-element_type=\"widget\" data-e-type=\"widget\" data-widget_type=\"html.default\">\n\t\t\t\t<div class=\"elementor-widget-container\">\n\t\t\t\t\t<nav aria-label=\"breadcrumbs\" class=\"rank-math-breadcrumb\"><p><span class=\"last\">Strona g\u0142\u00f3wna<\/span><\/p><\/nav>\t\t\t\t<\/div>\n\t\t\t\t<\/div>\n\t\t\t\t<\/div>\n\t\t<div class=\"elementor-element elementor-element-64880443 e-flex e-con-boxed wpr-particle-no wpr-jarallax-no wpr-parallax-no wpr-sticky-section-no e-con e-parent\" data-id=\"64880443\" data-element_type=\"container\" data-e-type=\"container\">\n\t\t\t\t\t<div class=\"e-con-inner\">\n\t\t\t\t<div class=\"elementor-element elementor-element-5408d99b elementor-widget-divider--view-line elementor-widget elementor-widget-divider\" data-id=\"5408d99b\" data-element_type=\"widget\" data-e-type=\"widget\" data-widget_type=\"divider.default\">\n\t\t\t\t<div class=\"elementor-widget-container\">\n\t\t\t\t\t\t\t<div class=\"elementor-divider\">\n\t\t\t<span class=\"elementor-divider-separator\">\n\t\t\t\t\t\t<\/span>\n\t\t<\/div>\n\t\t\t\t\t\t<\/div>\n\t\t\t\t<\/div>\n\t\t\t\t\t<\/div>\n\t\t\t\t<\/div>\n\t\t<div class=\"elementor-element elementor-element-ea0b4b9 e-flex e-con-boxed wpr-particle-no wpr-jarallax-no wpr-parallax-no wpr-sticky-section-no e-con e-parent\" data-id=\"ea0b4b9\" data-element_type=\"container\" data-e-type=\"container\">\n\t\t\t\t\t<div class=\"e-con-inner\">\n\t\t\t\t<div class=\"elementor-element elementor-element-75731de elementor-widget elementor-widget-text-editor\" data-id=\"75731de\" data-element_type=\"widget\" data-e-type=\"widget\" data-widget_type=\"text-editor.default\">\n\t\t\t\t<div class=\"elementor-widget-container\">\n\t\t\t\t\t\t\t\t\t<p>Biblioteka jest mi\u0119dzyprzedmiotow\u0105 pracowni\u0105 i szkolnym o\u015brodkiem informacji s\u0142u\u017c\u0105cym uczniom, pracownikom szko\u0142y i rodzicom. Dla uczni\u00f3w klas I-III biblioteka znajduje si\u0119 w budynku przy ul. Hallera, a dla uczni\u00f3w klas IV-VIII w budynku przy ul. Kamiennej.&nbsp;<\/p>\t\t\t\t\t\t\t\t<\/div>\n\t\t\t\t<\/div>\n\t\t\t\t<div class=\"elementor-element elementor-element-17e2905 elementor-widget elementor-widget-heading\" data-id=\"17e2905\" data-element_type=\"widget\" data-e-type=\"widget\" data-widget_type=\"heading.default\">\n\t\t\t\t<div class=\"elementor-widget-container\">\n\t\t\t\t\t<h2 class=\"elementor-heading-title elementor-size-default\">REGULAMIN WYPO\u017bYCZENIA PODR\u0118CZNIK\u00d3W DLA KLAS I -VIII<\/h2>\t\t\t\t<\/div>\n\t\t\t\t<\/div>\n\t\t\t\t<div class=\"elementor-element elementor-element-55a49a8 elementor-widget elementor-widget-text-editor\" data-id=\"55a49a8\" data-element_type=\"widget\" data-e-type=\"widget\" data-widget_type=\"text-editor.default\">\n\t\t\t\t<div class=\"elementor-widget-container\">\n\t\t\t\t\t\t\t\t\t<ol><li>Regulamin jest integraln\u0105 cz\u0119\u015bci\u0105 regulaminu korzystania ze zbior\u00f3w bibliotecznych szko\u0142y. Szczeg\u00f3\u0142owy opis w Statucie Szko\u0142y.<\/li><li>Ka\u017cdy podr\u0119cznik posiada nadany indywidualny numer i jest przypisany do konkretnego ucznia.<\/li><li>Podr\u0119czniki s\u0105 wypo\u017cyczane na okres wskazany przez wychowawc\u0119, jednak nie d\u0142u\u017cej ni\u017c na okres obowi\u0105zywania danej cz\u0119\u015bci podr\u0119cznika i nale\u017cy je zwr\u00f3ci\u0107 do szkolnej biblioteki\/wychowawcy w og\u0142oszonym wcze\u015bniej terminie.<\/li><li>Wypo\u017cyczaj\u0105cy zobowi\u0105zany jest do przechowywania podr\u0119cznika w plastikowej ok\u0142adce. W wyznaczonym miejscu umie\u015bci\u0107 podpis (imi\u0119, nazwisko, klasa, rok szkolny).<\/li><li>Udost\u0119pniane ksi\u0105\u017cki nale\u017cy chroni\u0107 przed zniszczeniem i zgubieniem. Na bie\u017c\u0105co nale\u017cy dokonywa\u0107 drobnych napraw czy ewentualnej wymiany. Bezzw\u0142ocznie informowa\u0107 wychowawc\u0119 lub p. bibliotekark\u0119 o zagubieniu lub zniszczeniu.<\/li><li>W podr\u0119czniku nie wolno niczego pisa\u0107, zaznacza\u0107, wycina\u0107, wyrywa\u0107 stron, ok\u0142adki itp. Nale\u017cy korzysta\u0107 z papierowych zak\u0142adek.<\/li><li>Wypo\u017cyczaj\u0105cy ponosi pe\u0142n\u0105 odpowiedzialno\u015b\u0107 materialn\u0105 w przypadku zagubienia lub zniszczenia podr\u0119cznika.<\/li><li>Rodzic odpowiada materialnie za zniszczenie podr\u0119cznika przez ucznia, kt\u00f3re wybiega poza zwyk\u0142e u\u017cytkowanie. Rodzic pokrywa koszt podr\u0119cznika i przesy\u0142ki. Odkupuje go i zwraca do biblioteki szkolnej. W szczeg\u00f3lnych przypadkach ucze\u0144\/rodzic w zamian kupuje lektur\u0119\/ksi\u0105\u017ck\u0119 do biblioteki.<\/li><li>W przypadku zmiany szko\u0142y przez ucznia podr\u0119cznik nale\u017cy zwr\u00f3ci\u0107 wychowawcy\/do biblioteki szkolnej.<\/li><li>Rodzic\/Wypo\u017cyczaj\u0105cy podpisuj\u0105 o\u015bwiadczenie, kt\u00f3re jest zobowi\u0105zaniem do stosowania zasad niniejszego regulaminu.<\/li><\/ol>\t\t\t\t\t\t\t\t<\/div>\n\t\t\t\t<\/div>\n\t\t\t\t<div class=\"elementor-element elementor-element-f0d1a12 elementor-widget elementor-widget-heading\" data-id=\"f0d1a12\" data-element_type=\"widget\" data-e-type=\"widget\" data-widget_type=\"heading.default\">\n\t\t\t\t<div class=\"elementor-widget-container\">\n\t\t\t\t\t<h2 class=\"elementor-heading-title elementor-size-default\">REGULAMIN WYPO\u017bYCZALNI<\/h2>\t\t\t\t<\/div>\n\t\t\t\t<\/div>\n\t\t\t\t<div class=\"elementor-element elementor-element-7083451 elementor-widget elementor-widget-text-editor\" data-id=\"7083451\" data-element_type=\"widget\" data-e-type=\"widget\" data-widget_type=\"text-editor.default\">\n\t\t\t\t<div class=\"elementor-widget-container\">\n\t\t\t\t\t\t\t\t\t<ol><li>Z biblioteki szkolnej mog\u0105 korzysta\u0107 wszyscy uczniowie i pracownicy szko\u0142y oraz rodzice.<\/li><li>Ka\u017cdy czytelnik powinien zaznajomi\u0107 si\u0119 z regulaminem biblioteki i godzinami jej otwarcia.<\/li><li>Korzystanie z biblioteki jest bezp\u0142atne.<\/li><li>W wypo\u017cyczalni obowi\u0105zuje wolny dost\u0119p do p\u00f3\u0142ek.<\/li><li>W wypo\u017cyczalni obowi\u0105zuje cisza i zakaz spo\u017cywania posi\u0142k\u00f3w.<\/li><li>Czytelnicy zobowi\u0105zani s\u0105 do dba\u0142o\u015bci o wypo\u017cyczone materia\u0142y.<\/li><li>Jednorazowo mo\u017cna wypo\u017cyczy\u0107 dwie ksi\u0105\u017cki na okres jednego miesi\u0105ca. W uzasadnionych przypadkach bibliotekarz mo\u017ce prolongowa\u0107 ksi\u0105\u017cki na nast\u0119pny okres.<\/li><li>Czytelnik mo\u017ce prosi\u0107 o zarezerwowanie potrzebnej mu pozycji.<\/li><li>W przypadku zniszczenia lub zgubienia ksi\u0105\u017cki lub innych materia\u0142\u00f3w, czytelnik zobowi\u0105zany jest odkupi\u0107 tak\u0105 sam\u0105 pozycj\u0119 lub inn\u0105 wskazan\u0105 przez bibliotekarza.<\/li><li>Wszystkie wypo\u017cyczone materia\u0142y (ksi\u0105\u017cki, podr\u0119czniki) powinny by\u0107 zwr\u00f3cone najp\u00f3\u017aniej na dwa tygodnie przed zako\u0144czeniem roku szkolnego.<\/li><li>Uczniowie i pracownicy szko\u0142y, kt\u00f3rzy z niej odchodz\u0105, zobowi\u0105zani s\u0105 do wcze\u015bniejszego rozliczenia si\u0119 z bibliotek\u0105.<\/li><\/ol>\t\t\t\t\t\t\t\t<\/div>\n\t\t\t\t<\/div>\n\t\t\t\t<div class=\"elementor-element elementor-element-1df2da8 elementor-widget elementor-widget-heading\" data-id=\"1df2da8\" data-element_type=\"widget\" data-e-type=\"widget\" data-widget_type=\"heading.default\">\n\t\t\t\t<div class=\"elementor-widget-container\">\n\t\t\t\t\t<h2 class=\"elementor-heading-title elementor-size-default\">REGULAMIN CZYTELNI<\/h2>\t\t\t\t<\/div>\n\t\t\t\t<\/div>\n\t\t\t\t<div class=\"elementor-element elementor-element-bd49554 elementor-widget elementor-widget-text-editor\" data-id=\"bd49554\" data-element_type=\"widget\" data-e-type=\"widget\" data-widget_type=\"text-editor.default\">\n\t\t\t\t<div class=\"elementor-widget-container\">\n\t\t\t\t\t\t\t\t\t<ol><li>Czytelnia czynna jest od godziny 7.30.<\/li><li>Z czytelni mog\u0105 korzysta\u0107 uczniowie, nauczyciele i pracownicy szko\u0142y.<\/li><li>Przed rozpocz\u0119ciem pracy nale\u017cy wpisa\u0107 si\u0119 do zeszytu odwiedzin czytelni.<\/li><li>Przy jednym stanowisku mog\u0105 pracowa\u0107 maksymalnie 2 osoby.<\/li><li>W czytelni nale\u017cy zachowa\u0107 cisz\u0119.<\/li><li>Korzystanie z ksi\u0119gozbioru podr\u0119cznego jest mo\u017cliwe za zgod\u0105 nauczyciela bibliotekarza.<\/li><li>Stanowisko komputerowe jest udost\u0119pniane jedynie pod opiek\u0105 nauczyciela.<\/li><li>Pierwsze\u0144stwo w korzystaniu z Internetu maj\u0105 uczniowie w celach dydaktycznych.<\/li><li>NIE WOLNO! Wgrywa\u0107 w\u0142asnych program\u00f3w, instalowa\u0107 program\u00f3w z sieci, kasowa\u0107 zainstalowanych oraz zapisywa\u0107 dokument\u00f3w na dysku twardym.<\/li><li><strong>Nie wolno<\/strong>\u00a0wykonywa\u0107 \u017cadnych po\u0142\u0105cze\u0144 technicznych (np. w\u0142\u0105cza\u0107 i roz\u0142\u0105cza\u0107 przewod\u00f3w zasilaj\u0105cych).<\/li><li>Ze wzgl\u0119du na ochron\u0119 antywirusow\u0105, zabrania si\u0119 samowolnego u\u017cywania w\u0142asnych\u00a0no\u015bnik\u00f3w pami\u0119ci zewn\u0119trznej.<\/li><li>Wszelkie uszkodzenia lub nieprawid\u0142owo\u015bci w pracy komputera nale\u017cy natychmiast zg\u0142asza\u0107 bibliotekarzowi.<\/li><li>U\u017cytkownicy ponosz\u0105 odpowiedzialno\u015b\u0107 finansow\u0105 za szkody spowodowane niew\u0142a\u015bciwym u\u017cytkowaniem sprz\u0119tu komputerowego lub zniszczeniem innych materia\u0142\u00f3w bibliotecznych.<\/li><li>Czytelnicy zachowuj\u0105cy si\u0119 g\u0142o\u015bno, \u0142ami\u0105cy zasady regulaminu mog\u0105 by\u0107 wyproszeni z czytelni oraz pozbawieni prawa korzystania z Internetu na okre\u015blony czas.<\/li><li>Podczas pracy przy komputerze nale\u017cy zachowa\u0107 spok\u00f3j i przestrzega\u0107 elementarnych zasad etyki internauty.<\/li><\/ol>\t\t\t\t\t\t\t\t<\/div>\n\t\t\t\t<\/div>\n\t\t\t\t\t<\/div>\n\t\t\t\t<\/div>\n\t\t\t\t<\/div>\n\t\t","protected":false},"excerpt":{"rendered":"<p>Biblioteka jest mi\u0119dzyprzedmiotow\u0105 pracowni\u0105 i szkolnym o\u015brodkiem informacji s\u0142u\u017c\u0105cym uczniom, pracownikom szko\u0142y i rodzicom. Dla uczni\u00f3w klas I-III biblioteka znajduje si\u0119 w budynku przy ul. Hallera, a dla uczni\u00f3w klas IV-VIII w budynku przy ul. Kamiennej.&nbsp; REGULAMIN WYPO\u017bYCZENIA PODR\u0118CZNIK\u00d3W DLA KLAS I -VIII Regulamin jest integraln\u0105 cz\u0119\u015bci\u0105 regulaminu korzystania ze zbior\u00f3w bibliotecznych szko\u0142y. Szczeg\u00f3\u0142owy opis w Statucie Szko\u0142y. Ka\u017cdy podr\u0119cznik posiada nadany indywidualny numer i jest przypisany do konkretnego ucznia. Podr\u0119czniki s\u0105 wypo\u017cyczane na okres wskazany przez wychowawc\u0119, jednak nie d\u0142u\u017cej ni\u017c na okres obowi\u0105zywania danej cz\u0119\u015bci podr\u0119cznika i nale\u017cy je zwr\u00f3ci\u0107 do szkolnej biblioteki\/wychowawcy w og\u0142oszonym wcze\u015bniej terminie. Wypo\u017cyczaj\u0105cy zobowi\u0105zany jest do przechowywania podr\u0119cznika w plastikowej ok\u0142adce. W wyznaczonym miejscu umie\u015bci\u0107 podpis (imi\u0119, nazwisko, klasa, rok szkolny). Udost\u0119pniane ksi\u0105\u017cki nale\u017cy chroni\u0107 przed zniszczeniem i zgubieniem. Na bie\u017c\u0105co nale\u017cy dokonywa\u0107 drobnych napraw czy ewentualnej wymiany. Bezzw\u0142ocznie informowa\u0107 wychowawc\u0119 lub p. bibliotekark\u0119 o zagubieniu lub zniszczeniu. W podr\u0119czniku nie wolno niczego pisa\u0107, zaznacza\u0107, wycina\u0107, wyrywa\u0107 stron, ok\u0142adki itp. Nale\u017cy korzysta\u0107 z papierowych zak\u0142adek. Wypo\u017cyczaj\u0105cy ponosi pe\u0142n\u0105 odpowiedzialno\u015b\u0107 materialn\u0105 w przypadku zagubienia lub zniszczenia podr\u0119cznika. Rodzic odpowiada materialnie za zniszczenie podr\u0119cznika przez ucznia, kt\u00f3re wybiega poza zwyk\u0142e u\u017cytkowanie. Rodzic pokrywa koszt podr\u0119cznika i przesy\u0142ki. Odkupuje go i zwraca do biblioteki szkolnej. W szczeg\u00f3lnych przypadkach ucze\u0144\/rodzic w zamian kupuje lektur\u0119\/ksi\u0105\u017ck\u0119 do biblioteki. W przypadku zmiany szko\u0142y przez ucznia podr\u0119cznik nale\u017cy zwr\u00f3ci\u0107 wychowawcy\/do biblioteki szkolnej. Rodzic\/Wypo\u017cyczaj\u0105cy podpisuj\u0105 o\u015bwiadczenie, kt\u00f3re jest zobowi\u0105zaniem do stosowania zasad niniejszego regulaminu. REGULAMIN WYPO\u017bYCZALNI Z biblioteki szkolnej mog\u0105 korzysta\u0107 wszyscy uczniowie i pracownicy szko\u0142y oraz rodzice. Ka\u017cdy czytelnik powinien zaznajomi\u0107 si\u0119 z regulaminem biblioteki i godzinami jej otwarcia. Korzystanie z biblioteki jest bezp\u0142atne. W wypo\u017cyczalni obowi\u0105zuje wolny dost\u0119p do p\u00f3\u0142ek. W wypo\u017cyczalni obowi\u0105zuje cisza i zakaz spo\u017cywania posi\u0142k\u00f3w. Czytelnicy zobowi\u0105zani s\u0105 do dba\u0142o\u015bci o wypo\u017cyczone materia\u0142y. Jednorazowo mo\u017cna wypo\u017cyczy\u0107 dwie ksi\u0105\u017cki na okres jednego miesi\u0105ca. W uzasadnionych przypadkach bibliotekarz mo\u017ce prolongowa\u0107 ksi\u0105\u017cki na nast\u0119pny okres. Czytelnik mo\u017ce prosi\u0107 o zarezerwowanie potrzebnej mu pozycji. W przypadku zniszczenia lub zgubienia ksi\u0105\u017cki lub innych materia\u0142\u00f3w, czytelnik zobowi\u0105zany jest odkupi\u0107 tak\u0105 sam\u0105 pozycj\u0119 lub inn\u0105 wskazan\u0105 przez bibliotekarza. Wszystkie wypo\u017cyczone materia\u0142y (ksi\u0105\u017cki, podr\u0119czniki) powinny by\u0107 zwr\u00f3cone najp\u00f3\u017aniej na dwa tygodnie przed zako\u0144czeniem roku szkolnego. Uczniowie i pracownicy szko\u0142y, kt\u00f3rzy z niej odchodz\u0105, zobowi\u0105zani s\u0105 do wcze\u015bniejszego rozliczenia si\u0119 z bibliotek\u0105. REGULAMIN CZYTELNI Czytelnia czynna jest od godziny 7.30. Z czytelni mog\u0105 korzysta\u0107 uczniowie, nauczyciele i pracownicy szko\u0142y. Przed rozpocz\u0119ciem pracy nale\u017cy wpisa\u0107 si\u0119 do zeszytu odwiedzin czytelni. Przy jednym stanowisku mog\u0105 pracowa\u0107 maksymalnie 2 osoby. W czytelni nale\u017cy zachowa\u0107 cisz\u0119. Korzystanie z ksi\u0119gozbioru podr\u0119cznego jest mo\u017cliwe za zgod\u0105 nauczyciela bibliotekarza. Stanowisko komputerowe jest udost\u0119pniane jedynie pod opiek\u0105 nauczyciela. Pierwsze\u0144stwo w korzystaniu z Internetu maj\u0105 uczniowie w celach dydaktycznych. NIE WOLNO! Wgrywa\u0107 w\u0142asnych program\u00f3w, instalowa\u0107 program\u00f3w z sieci, kasowa\u0107 zainstalowanych oraz zapisywa\u0107 dokument\u00f3w na dysku twardym. Nie wolno\u00a0wykonywa\u0107 \u017cadnych po\u0142\u0105cze\u0144 technicznych (np. w\u0142\u0105cza\u0107 i roz\u0142\u0105cza\u0107 przewod\u00f3w zasilaj\u0105cych). Ze wzgl\u0119du na ochron\u0119 antywirusow\u0105, zabrania si\u0119 samowolnego u\u017cywania w\u0142asnych\u00a0no\u015bnik\u00f3w pami\u0119ci zewn\u0119trznej. Wszelkie uszkodzenia lub nieprawid\u0142owo\u015bci w pracy komputera nale\u017cy natychmiast zg\u0142asza\u0107 bibliotekarzowi. U\u017cytkownicy ponosz\u0105 odpowiedzialno\u015b\u0107 finansow\u0105 za szkody spowodowane niew\u0142a\u015bciwym u\u017cytkowaniem sprz\u0119tu komputerowego lub zniszczeniem innych materia\u0142\u00f3w bibliotecznych. Czytelnicy zachowuj\u0105cy si\u0119 g\u0142o\u015bno, \u0142ami\u0105cy zasady regulaminu mog\u0105 by\u0107 wyproszeni z czytelni oraz pozbawieni prawa korzystania z Internetu na okre\u015blony czas. Podczas pracy przy komputerze nale\u017cy zachowa\u0107 spok\u00f3j i przestrzega\u0107 elementarnych zasad etyki internauty.<\/p>\n","protected":false},"author":1,"featured_media":0,"parent":0,"menu_order":0,"comment_status":"closed","ping_status":"closed","template":"","meta":{"footnotes":""},"class_list":["post-767","page","type-page","status-publish","hentry"],"acf":[],"_links":{"self":[{"href":"https:\/\/sp5.kwidzyn.pl\/index.php?rest_route=\/wp\/v2\/pages\/767","targetHints":{"allow":["GET"]}}],"collection":[{"href":"https:\/\/sp5.kwidzyn.pl\/index.php?rest_route=\/wp\/v2\/pages"}],"about":[{"href":"https:\/\/sp5.kwidzyn.pl\/index.php?rest_route=\/wp\/v2\/types\/page"}],"author":[{"embeddable":true,"href":"https:\/\/sp5.kwidzyn.pl\/index.php?rest_route=\/wp\/v2\/users\/1"}],"replies":[{"embeddable":true,"href":"https:\/\/sp5.kwidzyn.pl\/index.php?rest_route=%2Fwp%2Fv2%2Fcomments&post=767"}],"version-history":[{"count":13,"href":"https:\/\/sp5.kwidzyn.pl\/index.php?rest_route=\/wp\/v2\/pages\/767\/revisions"}],"predecessor-version":[{"id":2593,"href":"https:\/\/sp5.kwidzyn.pl\/index.php?rest_route=\/wp\/v2\/pages\/767\/revisions\/2593"}],"wp:attachment":[{"href":"https:\/\/sp5.kwidzyn.pl\/index.php?rest_route=%2Fwp%2Fv2%2Fmedia&parent=767"}],"curies":[{"name":"wp","href":"https:\/\/api.w.org\/{rel}","templated":true}]}}