{"id":755,"date":"2023-09-20T13:31:40","date_gmt":"2023-09-20T11:31:40","guid":{"rendered":"http:\/\/sp52.betulait.pl\/?page_id=755"},"modified":"2023-11-29T13:50:16","modified_gmt":"2023-11-29T12:50:16","slug":"rodo","status":"publish","type":"page","link":"https:\/\/sp5.kwidzyn.pl\/?page_id=755","title":{"rendered":"RODO"},"content":{"rendered":"\t\t<div data-elementor-type=\"wp-page\" data-elementor-id=\"755\" class=\"elementor elementor-755\" data-elementor-post-type=\"page\">\n\t\t\t\t<div class=\"elementor-element elementor-element-550e2c5e e-con-full e-flex wpr-particle-no wpr-jarallax-no wpr-parallax-no wpr-sticky-section-no e-con e-parent\" data-id=\"550e2c5e\" data-element_type=\"container\" data-e-type=\"container\" data-settings=\"{&quot;background_background&quot;:&quot;classic&quot;}\">\n\t\t\t\t<div class=\"elementor-element elementor-element-31698782 elementor-widget elementor-widget-html\" data-id=\"31698782\" data-element_type=\"widget\" data-e-type=\"widget\" data-widget_type=\"html.default\">\n\t\t\t\t<div class=\"elementor-widget-container\">\n\t\t\t\t\t<nav aria-label=\"breadcrumbs\" class=\"rank-math-breadcrumb\"><p><span class=\"last\">Strona g\u0142\u00f3wna<\/span><\/p><\/nav>\t\t\t\t<\/div>\n\t\t\t\t<\/div>\n\t\t\t\t<\/div>\n\t\t<div class=\"elementor-element elementor-element-5dc27965 e-flex e-con-boxed wpr-particle-no wpr-jarallax-no wpr-parallax-no wpr-sticky-section-no e-con e-parent\" data-id=\"5dc27965\" data-element_type=\"container\" data-e-type=\"container\">\n\t\t\t\t\t<div class=\"e-con-inner\">\n\t\t\t\t<div class=\"elementor-element elementor-element-2c5ea229 elementor-widget-divider--view-line elementor-widget elementor-widget-divider\" data-id=\"2c5ea229\" data-element_type=\"widget\" data-e-type=\"widget\" data-widget_type=\"divider.default\">\n\t\t\t\t<div class=\"elementor-widget-container\">\n\t\t\t\t\t\t\t<div class=\"elementor-divider\">\n\t\t\t<span class=\"elementor-divider-separator\">\n\t\t\t\t\t\t<\/span>\n\t\t<\/div>\n\t\t\t\t\t\t<\/div>\n\t\t\t\t<\/div>\n\t\t\t\t\t<\/div>\n\t\t\t\t<\/div>\n\t\t<div class=\"elementor-element elementor-element-eb9ff5d e-flex e-con-boxed wpr-particle-no wpr-jarallax-no wpr-parallax-no wpr-sticky-section-no e-con e-parent\" data-id=\"eb9ff5d\" data-element_type=\"container\" data-e-type=\"container\">\n\t\t\t\t\t<div class=\"e-con-inner\">\n\t\t\t\t<div class=\"elementor-element elementor-element-92143a0 elementor-widget elementor-widget-heading\" data-id=\"92143a0\" data-element_type=\"widget\" data-e-type=\"widget\" data-widget_type=\"heading.default\">\n\t\t\t\t<div class=\"elementor-widget-container\">\n\t\t\t\t\t<h2 class=\"elementor-heading-title elementor-size-default\">Klauzula informacyjna (RODO)<\/h2>\t\t\t\t<\/div>\n\t\t\t\t<\/div>\n\t\t\t\t<div class=\"elementor-element elementor-element-3e3e833 elementor-widget elementor-widget-text-editor\" data-id=\"3e3e833\" data-element_type=\"widget\" data-e-type=\"widget\" data-widget_type=\"text-editor.default\">\n\t\t\t\t<div class=\"elementor-widget-container\">\n\t\t\t\t\t\t\t\t\t<p>Na podstawie art. 13 Rozporz\u0105dzenia Parlamentu Europejskiego i Rady (UE) 2016\/679 z dnia 27 kwietnia 2016 roku w sprawie ochrony os\u00f3b fizycznych w zwi\u0105zku z przetwarzaniem danych osobowych i w sprawie swobodnego przep\u0142ywu takich danych oraz uchylenia dyrektywy 95\/46\/WE informujemy, \u017ce:<\/p>\t\t\t\t\t\t\t\t<\/div>\n\t\t\t\t<\/div>\n\t\t\t\t<div class=\"elementor-element elementor-element-b1455c9 elementor-widget elementor-widget-text-editor\" data-id=\"b1455c9\" data-element_type=\"widget\" data-e-type=\"widget\" data-widget_type=\"text-editor.default\">\n\t\t\t\t<div class=\"elementor-widget-container\">\n\t\t\t\t\t\t\t\t\t<ol>\n<li>Administratorem Danych Osobowych jest:<\/li><br>\nSzko\u0142a Podstawowa nr 5\nw Kwidzynie\nim. Zjednoczonej Europy<br>\n82-500 Kwidzyn ul. Hallera 4 <br>\ntel. (55) 279 39 45<br><br>\n<li>Dane osobowe przetwarzane s\u0105 w nast\u0119puj\u0105cych celach:<\/li><\/ol>\n<br>\n<ol>\n \t<li>w celu realizacji zada\u0144 dydaktycznych, wychowawczych i opieku\u0144czych, oraz rekrutacji \u2013 zgodnie z: Ustaw\u0105 z dnia 7 wrze\u015bnia 1991r. o systemie o\u015bwiaty, Ustaw\u0105 z dnia 14 grudnia 2016r. \u2013 Prawo o\u015bwiatowe wraz z rozporz\u0105dzeniami, oraz na podstawie art. 6 ust. 1 lit. c og\u00f3lnego rozporz\u0105dzenia o ochronie danych osobowych z dnia 27 kwietnia 2016r<\/li>\n \t<li>na podstawie podpisanej zgody, zgodnie z art. 6 ust. 1 lit. a og\u00f3lnego rozporz\u0105dzenia o ochronie danych osobowych z dnia 27 kwietnia 2016r. dane osobowe ucznia zwi\u0105zane z udzia\u0142em dziecka w wycieczkach, konkursach i zawodach organizowanych w szkole i poza ni\u0105 oraz publikacji wizerunku i osi\u0105gni\u0119\u0107 dziecka w materia\u0142ach publikowanych lub autoryzowanych przez szko\u0142\u0119 w mediach oraz na stronie internetowej szko\u0142y (na www i na Facebooku)<\/li>\n \t<li>\u00a0Odbiorcami danych osobowych b\u0119d\u0105 wy\u0142\u0105cznie podmioty uprawnione do uzyskania danych osobowych na podstawie przepis\u00f3w prawa w tym m. in.:<\/li>\n<\/ol>\n<br>\n<ul>\n \t<li>Ministerstwo Edukacji Narodowej \u2013 SIO<\/li>\n \t<li>Kuratorium O\u015bwiaty<\/li>\n \t<li>Okr\u0119gowa Komisja Egzaminacyjna<\/li>\n \t<li>Organ prowadz\u0105cy- Miasto Kwidzyn<\/li>\n \t<li>ubezpieczyciel na podstawie wniosku zg\u0142oszenia szkody<\/li>\n \t<li>dostawcy system\u00f3w informatycznych i us\u0142ug IT na rzecz Szko\u0142y na podstawie umowy powierzenia danych<\/li>\n \t<li>oraz inne na wniosek np. PPP, MOPS.<\/li>\n<\/ul>\n<br>\n<ol>\n \t<li style=\"list-style-type: none;\">\n<ol>\n \t<li>\u00a0Dane osobowe ucznia i jego rodzic\u00f3w nie b\u0119d\u0105 przekazywane do pa\u0144stwa trzeciego.<\/li>\n \t<li>\u00a0Przekazane dane osobowe b\u0119d\u0105 przechowywane w r\u00f3\u017cnych okresach czasu w oparciu o Instrukcj\u0119 Kancelaryjn\u0105 na podstawie: Ustawy z dnia 14 lipca 1983 r. o narodowym zasobie archiwalnym i archiwach oraz Rozporz\u0105dzenia Ministra Kultury z dnia 16 wrze\u015bnia 2002 r. w sprawie post\u0119powania z dokumentacj\u0105, zasad jej klasyfikowania i kwalifikowania oraz zasad i trybu przekazywania materia\u0142\u00f3w archiwalnych do archiw\u00f3w pa\u0144stwowych.<\/li>\n \t<li>Posiada Pani\/Pan prawo dost\u0119pu do tre\u015bci swoich danych i dziecka oraz prawo ich sprostowania, usuni\u0119cia, ograniczenia przetwarzania, prawo do przenoszenia danych osobowych, prawo wniesienia sprzeciwu, prawo do cofni\u0119cia zgody w dowolnym momencie bez wp\u0142ywu na zgodno\u015b\u0107 z prawem przetwarzania (mo\u017cliwo\u015b\u0107 istnieje je\u017celi przetwarzanie odbywa si\u0119 na podstawie zgody, a nie na podstawie przepis\u00f3w prawa uprawniaj\u0105cych administratora do przetwarzania tych danych).<\/li>\n \t<li>Pani\/Pana dane osobowe oraz dziecka nie b\u0119d\u0105 podlega\u0142y profilowaniu.<\/li>\n \t<li>Ma Pani\/Pan prawo wniesienia skargi do organu nadzorczego, gdy uzna Pani\/Pan, i\u017c przetwarzanie danych osobowych dotycz\u0105cych ucznia i jego rodzic\u00f3w narusza przepisy og\u00f3lnego rozporz\u0105dzenia o ochronie danych osobowych z dnia 27 kwietnia 2016r.<\/li>\n \t<li>Podanie przez Pani\u0105\/Pana danych osobowych wynikaj\u0105cych z przepis\u00f3w prawa jest obowi\u0105zkowe.<\/li>\n<\/ol>\n<\/li>\n<\/ol>\t\t\t\t\t\t\t\t<\/div>\n\t\t\t\t<\/div>\n\t\t\t\t<div class=\"elementor-element elementor-element-72db98a elementor-widget elementor-widget-heading\" data-id=\"72db98a\" data-element_type=\"widget\" data-e-type=\"widget\" data-widget_type=\"heading.default\">\n\t\t\t\t<div class=\"elementor-widget-container\">\n\t\t\t\t\t<h2 class=\"elementor-heading-title elementor-size-default\">Dane kontaktowe Inspektora Ochrony Danych \u2013 adres<\/h2>\t\t\t\t<\/div>\n\t\t\t\t<\/div>\n\t\t\t\t<div class=\"elementor-element elementor-element-f70bd73 elementor-widget elementor-widget-text-editor\" data-id=\"f70bd73\" data-element_type=\"widget\" data-e-type=\"widget\" data-widget_type=\"text-editor.default\">\n\t\t\t\t<div class=\"elementor-widget-container\">\n\t\t\t\t\t\t\t\t\t<p><strong>Wojciech Wilk &#8211; <\/strong>biuro@rodo-wolfserwis.pl<\/p>\t\t\t\t\t\t\t\t<\/div>\n\t\t\t\t<\/div>\n\t\t\t\t\t<\/div>\n\t\t\t\t<\/div>\n\t\t\t\t<\/div>\n\t\t","protected":false},"excerpt":{"rendered":"<p>Klauzula informacyjna (RODO) Na podstawie art. 13 Rozporz\u0105dzenia Parlamentu Europejskiego i Rady (UE) 2016\/679 z dnia 27 kwietnia 2016 roku w sprawie ochrony os\u00f3b fizycznych w zwi\u0105zku z przetwarzaniem danych osobowych i w sprawie swobodnego przep\u0142ywu takich danych oraz uchylenia dyrektywy 95\/46\/WE informujemy, \u017ce: Administratorem Danych Osobowych jest: Szko\u0142a Podstawowa nr 5 w Kwidzynie im. Zjednoczonej Europy 82-500 Kwidzyn ul. Hallera 4 tel. (55) 279 39 45 Dane osobowe przetwarzane s\u0105 w nast\u0119puj\u0105cych celach: w celu realizacji zada\u0144 dydaktycznych, wychowawczych i opieku\u0144czych, oraz rekrutacji \u2013 zgodnie z: Ustaw\u0105 z dnia 7 wrze\u015bnia 1991r. o systemie o\u015bwiaty, Ustaw\u0105 z dnia 14 grudnia 2016r. \u2013 Prawo o\u015bwiatowe wraz z rozporz\u0105dzeniami, oraz na podstawie art. 6 ust. 1 lit. c og\u00f3lnego rozporz\u0105dzenia o ochronie danych osobowych z dnia 27 kwietnia 2016r na podstawie podpisanej zgody, zgodnie z art. 6 ust. 1 lit. a og\u00f3lnego rozporz\u0105dzenia o ochronie danych osobowych z dnia 27 kwietnia 2016r. dane osobowe ucznia zwi\u0105zane z udzia\u0142em dziecka w wycieczkach, konkursach i zawodach organizowanych w szkole i poza ni\u0105 oraz publikacji wizerunku i osi\u0105gni\u0119\u0107 dziecka w materia\u0142ach publikowanych lub autoryzowanych przez szko\u0142\u0119 w mediach oraz na stronie internetowej szko\u0142y (na www i na Facebooku) \u00a0Odbiorcami danych osobowych b\u0119d\u0105 wy\u0142\u0105cznie podmioty uprawnione do uzyskania danych osobowych na podstawie przepis\u00f3w prawa w tym m. in.: Ministerstwo Edukacji Narodowej \u2013 SIO Kuratorium O\u015bwiaty Okr\u0119gowa Komisja Egzaminacyjna Organ prowadz\u0105cy- Miasto Kwidzyn ubezpieczyciel na podstawie wniosku zg\u0142oszenia szkody dostawcy system\u00f3w informatycznych i us\u0142ug IT na rzecz Szko\u0142y na podstawie umowy powierzenia danych oraz inne na wniosek np. PPP, MOPS. \u00a0Dane osobowe ucznia i jego rodzic\u00f3w nie b\u0119d\u0105 przekazywane do pa\u0144stwa trzeciego. \u00a0Przekazane dane osobowe b\u0119d\u0105 przechowywane w r\u00f3\u017cnych okresach czasu w oparciu o Instrukcj\u0119 Kancelaryjn\u0105 na podstawie: Ustawy z dnia 14 lipca 1983 r. o narodowym zasobie archiwalnym i archiwach oraz Rozporz\u0105dzenia Ministra Kultury z dnia 16 wrze\u015bnia 2002 r. w sprawie post\u0119powania z dokumentacj\u0105, zasad jej klasyfikowania i kwalifikowania oraz zasad i trybu przekazywania materia\u0142\u00f3w archiwalnych do archiw\u00f3w pa\u0144stwowych. Posiada Pani\/Pan prawo dost\u0119pu do tre\u015bci swoich danych i dziecka oraz prawo ich sprostowania, usuni\u0119cia, ograniczenia przetwarzania, prawo do przenoszenia danych osobowych, prawo wniesienia sprzeciwu, prawo do cofni\u0119cia zgody w dowolnym momencie bez wp\u0142ywu na zgodno\u015b\u0107 z prawem przetwarzania (mo\u017cliwo\u015b\u0107 istnieje je\u017celi przetwarzanie odbywa si\u0119 na podstawie zgody, a nie na podstawie przepis\u00f3w prawa uprawniaj\u0105cych administratora do przetwarzania tych danych). Pani\/Pana dane osobowe oraz dziecka nie b\u0119d\u0105 podlega\u0142y profilowaniu. Ma Pani\/Pan prawo wniesienia skargi do organu nadzorczego, gdy uzna Pani\/Pan, i\u017c przetwarzanie danych osobowych dotycz\u0105cych ucznia i jego rodzic\u00f3w narusza przepisy og\u00f3lnego rozporz\u0105dzenia o ochronie danych osobowych z dnia 27 kwietnia 2016r. Podanie przez Pani\u0105\/Pana danych osobowych wynikaj\u0105cych z przepis\u00f3w prawa jest obowi\u0105zkowe. Dane kontaktowe Inspektora Ochrony Danych \u2013 adres Wojciech Wilk &#8211; biuro@rodo-wolfserwis.pl<\/p>\n","protected":false},"author":1,"featured_media":0,"parent":0,"menu_order":0,"comment_status":"closed","ping_status":"closed","template":"","meta":{"footnotes":""},"class_list":["post-755","page","type-page","status-publish","hentry"],"acf":[],"_links":{"self":[{"href":"https:\/\/sp5.kwidzyn.pl\/index.php?rest_route=\/wp\/v2\/pages\/755","targetHints":{"allow":["GET"]}}],"collection":[{"href":"https:\/\/sp5.kwidzyn.pl\/index.php?rest_route=\/wp\/v2\/pages"}],"about":[{"href":"https:\/\/sp5.kwidzyn.pl\/index.php?rest_route=\/wp\/v2\/types\/page"}],"author":[{"embeddable":true,"href":"https:\/\/sp5.kwidzyn.pl\/index.php?rest_route=\/wp\/v2\/users\/1"}],"replies":[{"embeddable":true,"href":"https:\/\/sp5.kwidzyn.pl\/index.php?rest_route=%2Fwp%2Fv2%2Fcomments&post=755"}],"version-history":[{"count":16,"href":"https:\/\/sp5.kwidzyn.pl\/index.php?rest_route=\/wp\/v2\/pages\/755\/revisions"}],"predecessor-version":[{"id":2625,"href":"https:\/\/sp5.kwidzyn.pl\/index.php?rest_route=\/wp\/v2\/pages\/755\/revisions\/2625"}],"wp:attachment":[{"href":"https:\/\/sp5.kwidzyn.pl\/index.php?rest_route=%2Fwp%2Fv2%2Fmedia&parent=755"}],"curies":[{"name":"wp","href":"https:\/\/api.w.org\/{rel}","templated":true}]}}