{"id":746,"date":"2023-09-20T13:28:50","date_gmt":"2023-09-20T11:28:50","guid":{"rendered":"http:\/\/sp52.betulait.pl\/?page_id=746"},"modified":"2026-03-05T13:37:27","modified_gmt":"2026-03-05T12:37:27","slug":"rekrutacja-2025-2026","status":"publish","type":"page","link":"https:\/\/sp5.kwidzyn.pl\/?page_id=746","title":{"rendered":"Rekrutacja 2025\/2026"},"content":{"rendered":"\t\t<div data-elementor-type=\"wp-page\" data-elementor-id=\"746\" class=\"elementor elementor-746\" data-elementor-post-type=\"page\">\n\t\t\t\t<div class=\"elementor-element elementor-element-4ee3b769 e-con-full e-flex wpr-particle-no wpr-jarallax-no wpr-parallax-no wpr-sticky-section-no e-con e-parent\" data-id=\"4ee3b769\" data-element_type=\"container\" data-e-type=\"container\" data-settings=\"{&quot;background_background&quot;:&quot;classic&quot;}\">\n\t\t\t\t<div class=\"elementor-element elementor-element-12561780 elementor-widget elementor-widget-html\" data-id=\"12561780\" data-element_type=\"widget\" data-e-type=\"widget\" data-widget_type=\"html.default\">\n\t\t\t\t<div class=\"elementor-widget-container\">\n\t\t\t\t\t<nav aria-label=\"breadcrumbs\" class=\"rank-math-breadcrumb\"><p><span class=\"last\">Strona g\u0142\u00f3wna<\/span><\/p><\/nav>\t\t\t\t<\/div>\n\t\t\t\t<\/div>\n\t\t\t\t<\/div>\n\t\t<div class=\"elementor-element elementor-element-115f9955 e-flex e-con-boxed wpr-particle-no wpr-jarallax-no wpr-parallax-no wpr-sticky-section-no e-con e-parent\" data-id=\"115f9955\" data-element_type=\"container\" data-e-type=\"container\">\n\t\t\t\t\t<div class=\"e-con-inner\">\n\t\t\t\t<div class=\"elementor-element elementor-element-64532ef6 elementor-widget elementor-widget-heading\" data-id=\"64532ef6\" data-element_type=\"widget\" data-e-type=\"widget\" data-widget_type=\"heading.default\">\n\t\t\t\t<div class=\"elementor-widget-container\">\n\t\t\t\t\t<h2 class=\"elementor-heading-title elementor-size-default\">Rekrutacja 2025\/2026<\/h2>\t\t\t\t<\/div>\n\t\t\t\t<\/div>\n\t\t\t\t<div class=\"elementor-element elementor-element-666eb74b elementor-widget-divider--view-line elementor-widget elementor-widget-divider\" data-id=\"666eb74b\" data-element_type=\"widget\" data-e-type=\"widget\" data-widget_type=\"divider.default\">\n\t\t\t\t<div class=\"elementor-widget-container\">\n\t\t\t\t\t\t\t<div class=\"elementor-divider\">\n\t\t\t<span class=\"elementor-divider-separator\">\n\t\t\t\t\t\t<\/span>\n\t\t<\/div>\n\t\t\t\t\t\t<\/div>\n\t\t\t\t<\/div>\n\t\t\t\t\t<\/div>\n\t\t\t\t<\/div>\n\t\t<div class=\"elementor-element elementor-element-c6cc23a e-flex e-con-boxed wpr-particle-no wpr-jarallax-no wpr-parallax-no wpr-sticky-section-no e-con e-parent\" data-id=\"c6cc23a\" data-element_type=\"container\" data-e-type=\"container\">\n\t\t\t\t\t<div class=\"e-con-inner\">\n\t\t\t\t<div class=\"elementor-element elementor-element-df0d189 elementor-widget elementor-widget-heading\" data-id=\"df0d189\" data-element_type=\"widget\" data-e-type=\"widget\" data-widget_type=\"heading.default\">\n\t\t\t\t<div class=\"elementor-widget-container\">\n\t\t\t\t\t<h2 class=\"elementor-heading-title elementor-size-default\">NASZE  ATUTY: <\/h2>\t\t\t\t<\/div>\n\t\t\t\t<\/div>\n\t\t\t\t<div class=\"elementor-element elementor-element-ceec39c elementor-widget__width-initial elementor-widget-tablet__width-inherit elementor-widget elementor-widget-text-editor\" data-id=\"ceec39c\" data-element_type=\"widget\" data-e-type=\"widget\" data-widget_type=\"text-editor.default\">\n\t\t\t\t<div class=\"elementor-widget-container\">\n\t\t\t\t\t\t\t\t\t<p>Dbamy o to, by nasza szko\u0142a by\u0142a miejscem przyjaznym i bezpiecznym dla uczni\u00f3w.<\/p><p>Szko\u0142a mie\u015bci si\u0119 w dw\u00f3ch budynkach:<\/p><ul><li><strong>Hallera 4 (klasy 1-3)<\/strong> \u2013 pi\u0119kny, obj\u0119ty opiek\u0105 konserwatora zabytk\u00f3w budynek bezpiecznie zlokalizowany z dala od ulicy, przy parku miejskim, co wp\u0142ywa na bardzo dobre i bezpieczne warunki nauki. Posiada sal\u0119 gimnastyczn\u0105, aul\u0119, bibliotek\u0119 z czytelni\u0105, boiska sportowe (Orlik), plac zabaw, sto\u0142\u00f3wk\u0119, \u015bwietlic\u0119 oraz sal\u0119 komputerow\u0105.<\/li><li><strong>Kamienna 18 (klasy 4-8)<\/strong> \u2013 znajduje si\u0119 tu sala gimnastyczna, klasopracownia komputerowa, sto\u0142\u00f3wka, biblioteka z czytelni\u0105, boiska sportowe (Orlik) oraz sale wyposa\u017cone w nowoczesne urz\u0105dzenia multimedialne. W budynku dost\u0119pna jest tak\u017ce sala wycisze\u0144 oraz sala sensoryczna. Budynek przystosowany jest dla os\u00f3b z niepe\u0142nosprawno\u015bciami i obecnie poddawany termomodernizacji.<\/li><\/ul><p>Szko\u0142a od roku szkolnego 2024\/2025 bierze udzia\u0142 w projekcie unijnym \u201eKa\u017cdy ucze\u0144 jest inny \u2013 edukacja w\u0142\u0105czaj\u0105ca w Mie\u015bcie Kwidzyn\u201d. Projekt ma na celu wdro\u017cenie modelu edukacji w\u0142\u0105czaj\u0105cej w szko\u0142ach podstawowych. Zadania zaplanowane w ramach projektu to m.in. specjalistyczne wsparcie ucznia poprzez zaj\u0119cia dostosowane do jego potrzeb, mo\u017cliwo\u015b\u0107 konsultacji oraz indywidualnych spotka\u0144 ze specjalistami.<\/p><p>Ka\u017cdy ucze\u0144 zapisany do projektu ma mo\u017cliwo\u015b\u0107 uczestnictwa w zaj\u0119ciach:<\/p><ul><li>socjoterapeutycznych,<\/li><li>logopedycznych,<\/li><li>doradztwa zawodowego,<\/li><li>integracji sensorycznej,<\/li><li>TUS,<\/li><li>warsztatach z kompetencji w zakresie uczenia si\u0119, rozumienia informacji oraz logicznego my\u015blenia,<\/li><li>oraz wielu innych.<\/li><\/ul><p>Od wrze\u015bnia 2026 planowane jest po\u0142\u0105czenie dw\u00f3ch budynk\u00f3w w jeden przy ul. Kamiennej 18, dbaj\u0105c szczeg\u00f3lnie o komfort i bezpiecze\u0144stwo naszych najm\u0142odszych uczni\u00f3w.<\/p><p>Szko\u0142a przy organizacji zaj\u0119\u0107 wsp\u00f3\u0142pracuje z instytucjami zewn\u0119trznymi:<\/p><ul><li>Klubami Sportowymi (ROD\u0141O KWIDZYN, AKADEMIA PI\u0141KARSKA CHAMPIONS),<\/li><li>Multicentrum,<\/li><li>Zielon\u0105 Szko\u0142\u0105 w Brachlewie,<\/li><li>Eko-Inicjatyw\u0105,<\/li><li>Gminnym O\u015brodkiem Kultury,<\/li><li>Kwidzy\u0144skim Centrum Kultury,<\/li><li>Bibliotek\u0105 Miejsko-Powiatow\u0105 w Kwidzynie,<\/li><li>Instytutem Pami\u0119ci Narodowej w Gda\u0144sku,<\/li><li>Centrum Edukacji Obywatelskiej w Warszawie.<\/li><\/ul><p>Szko\u0142a wyposa\u017cona jest w nowoczesne narz\u0119dzia TIK wykorzystywane w procesie edukacyjnym (komputery, rzutniki, tablice interaktywne i multimedialne, tablety, ozoboty i roboty interaktywne). W ka\u017cdym budynku znajduje si\u0119 sala gimnastyczna, boisko sportowe (Orlik), biblioteka oraz sto\u0142\u00f3wka. Posiadamy pi\u0119kn\u0105 zabytkow\u0105 aul\u0119 ze scen\u0105, na kt\u00f3rej wystawiane s\u0105 spektakle szkolne.<\/p><p>Szko\u0142a realizuje nast\u0119puj\u0105ce programy i projekty:<\/p><ul><li>Centrum Aktywno\u015bci Kreatywnej,<\/li><li>Centrum Aktywno\u015bci Dzieci\u0119ce Rado\u015bci,<\/li><li>Centrum Aktywno\u015bci Przedsi\u0119biorczej,<\/li><li>\u201eProgram dla szk\u00f3\u0142\u201d \u2013 uczniom udost\u0119pniane s\u0105 owoce, warzywa, soki, mleko i przetwory mleczne,<\/li><li>\u201eSzko\u0142a Promuj\u0105ca Zdrowie\u201d,<\/li><li>\u201eZdolni z Pomorza\u201d,<\/li><li>\u201eOd kodowania do programowania\u201d,<\/li><li>\u201eTrzymaj Form\u0119\u201d,<\/li><li>\u201eSmaki Jesieni\u201d,<\/li><li>\u201eDobry wyb\u00f3r\u201d,<\/li><li>Wsp\u00f3\u0142praca z KSSK Gward,<\/li><li>Wsp\u00f3\u0142praca z IPN,<\/li><li>\u201eRowerowy Kwidzyn\u201d \u2013 wsp\u00f3\u0142praca z Urz\u0119dem Miasta w Kwidzynie,<\/li><li>Innowacje pedagogiczne,<\/li><li>Wolontariat,<\/li><li>Klasy integracyjne,<\/li><li>Mi\u0119dzynarodowy Projekt Edukacyjny \u201eCzytam z klas\u0105 \u2013 Lekturki spod chmurki\u201d,<\/li><li>\u201eZ kultur\u0105 mi do twarzy\u201d.<\/li><\/ul><p>Nad bezpiecze\u0144stwem uczni\u00f3w czuwaj\u0105:<\/p><ul><li>Nauczyciele,<\/li><li>Opieka medyczna,<\/li><li>Pedagog,<\/li><li>Pedagog specjalny,<\/li><li>Psycholog,<\/li><li>Monitoring wizyjny.<\/li><\/ul><p>Ka\u017cdy ucze\u0144 posiada szafk\u0119 szkoln\u0105. Posiadamy bezpieczne wej\u015bcie do szko\u0142y: wideofon.<\/p><p>Dodatkowe cechy:<\/p><ul><li>J\u0119zyki obce \u2013 profesjonalnie wyposa\u017cona sala j\u0119zykowa,<\/li><li>Zaj\u0119cia komputerowe \u2013 profesjonalnie wyposa\u017cona sala,<\/li><li>Zaj\u0119cia sportowe,<\/li><li>Zaj\u0119cia ze specjalistami (psycholog, pedagog, logopeda),<\/li><li>Religia.<\/li><\/ul>\t\t\t\t\t\t\t\t<\/div>\n\t\t\t\t<\/div>\n\t\t\t\t<div class=\"elementor-element elementor-element-b8aea6e elementor-widget elementor-widget-heading\" data-id=\"b8aea6e\" data-element_type=\"widget\" data-e-type=\"widget\" data-widget_type=\"heading.default\">\n\t\t\t\t<div class=\"elementor-widget-container\">\n\t\t\t\t\t<h2 class=\"elementor-heading-title elementor-size-default\">KLASY INTEGRACYJNE<\/h2>\t\t\t\t<\/div>\n\t\t\t\t<\/div>\n\t\t\t\t<div class=\"elementor-element elementor-element-24616f1 elementor-widget elementor-widget-text-editor\" data-id=\"24616f1\" data-element_type=\"widget\" data-e-type=\"widget\" data-widget_type=\"text-editor.default\">\n\t\t\t\t<div class=\"elementor-widget-container\">\n\t\t\t\t\t\t\t\t\t<ol><li><p>Prowadzimy nab\u00f3r uczni\u00f3w\u00a0 na poziomie klas I.<\/p><p>Dlaczego warto wybra\u0107 klas\u0119 integracyjn\u0105?\u00a0<\/p><\/li><\/ol><p><strong>\u00a0 \u00a0 \u00a0 \u00a0 Jest wyj\u0105tkowa pod wieloma wzgl\u0119dami:<\/strong><\/p><ul><li style=\"list-style-type: none;\"><ul><li>ma\u0142a liczba uczni\u00f3w w klasie (do 20 w tym do 5 uczni\u00f3w z orzeczeniem) pozwalaj\u0105ca na indywidualizacj\u0119 pracy z uczniem,<\/li><li>sta\u0142a pomoc nauczyciela wspomagaj\u0105cego dla uczni\u00f3w z orzeczeniem (oligofrenopedagoga, surdopedagoga, tyflopedagoga),<\/li><li>dla dzieci z orzeczeniem dostosowanie tre\u015bci programowych do ich indywidualnych mo\u017cliwo\u015bci.<\/li><\/ul><\/li><\/ul>\t\t\t\t\t\t\t\t<\/div>\n\t\t\t\t<\/div>\n\t\t\t\t<div class=\"elementor-element elementor-element-e4052b1 elementor-widget elementor-widget-button\" data-id=\"e4052b1\" data-element_type=\"widget\" data-e-type=\"widget\" data-widget_type=\"button.default\">\n\t\t\t\t<div class=\"elementor-widget-container\">\n\t\t\t\t\t\t\t\t\t<div class=\"elementor-button-wrapper\">\n\t\t\t\t\t<a class=\"elementor-button elementor-button-link elementor-size-sm elementor-animation-grow\" href=\"https:\/\/nabor.pcss.pl\/kwidzyn\" target=\"_blank\" rel=\"noopener\">\n\t\t\t\t\t\t<span class=\"elementor-button-content-wrapper\">\n\t\t\t\t\t\t<span class=\"elementor-button-icon\">\n\t\t\t\t<i aria-hidden=\"true\" class=\"fas fa-arrow-right\"><\/i>\t\t\t<\/span>\n\t\t\t\t\t\t\t\t\t<span class=\"elementor-button-text\">REKRUTACJA ZA PO\u015aREDNICTWEM ELEKTRONICZNEJ PLATFORMY \"NAB\u00d3R\"<\/span>\n\t\t\t\t\t<\/span>\n\t\t\t\t\t<\/a>\n\t\t\t\t<\/div>\n\t\t\t\t\t\t\t\t<\/div>\n\t\t\t\t<\/div>\n\t\t\t\t<div class=\"elementor-element elementor-element-a820ed5 elementor-widget elementor-widget-button\" data-id=\"a820ed5\" data-element_type=\"widget\" data-e-type=\"widget\" data-widget_type=\"button.default\">\n\t\t\t\t<div class=\"elementor-widget-container\">\n\t\t\t\t\t\t\t\t\t<div class=\"elementor-button-wrapper\">\n\t\t\t\t\t<a class=\"elementor-button elementor-button-link elementor-size-sm elementor-animation-grow\" href=\"https:\/\/sp5.kwidzyn.pl\/?page_id=5596\">\n\t\t\t\t\t\t<span class=\"elementor-button-content-wrapper\">\n\t\t\t\t\t\t<span class=\"elementor-button-icon\">\n\t\t\t\t<i aria-hidden=\"true\" class=\"fas fa-arrow-right\"><\/i>\t\t\t<\/span>\n\t\t\t\t\t\t\t\t\t<span class=\"elementor-button-text\">HARMONOGRAM REKRUTACJI<\/span>\n\t\t\t\t\t<\/span>\n\t\t\t\t\t<\/a>\n\t\t\t\t<\/div>\n\t\t\t\t\t\t\t\t<\/div>\n\t\t\t\t<\/div>\n\t\t\t\t<div class=\"elementor-element elementor-element-877cffd elementor-widget elementor-widget-text-editor\" data-id=\"877cffd\" data-element_type=\"widget\" data-e-type=\"widget\" data-widget_type=\"text-editor.default\">\n\t\t\t\t<div class=\"elementor-widget-container\">\n\t\t\t\t\t\t\t\t\t<p><strong>Wydrukowany za po\u015brednictwem platformy \u201cNAB\u00d3R\u201d dokument nale\u017cy z\u0142o\u017cy\u0107 w sekretariacie szko\u0142y \u2013 budynek przy ul. Kamiennej 18.<\/strong><\/p>\t\t\t\t\t\t\t\t<\/div>\n\t\t\t\t<\/div>\n\t\t\t\t\t<\/div>\n\t\t\t\t<\/div>\n\t\t\t\t<\/div>\n\t\t","protected":false},"excerpt":{"rendered":"<p>Rekrutacja 2025\/2026 NASZE ATUTY: Dbamy o to, by nasza szko\u0142a by\u0142a miejscem przyjaznym i bezpiecznym dla uczni\u00f3w. Szko\u0142a mie\u015bci si\u0119 w dw\u00f3ch budynkach: Hallera 4 (klasy 1-3) \u2013 pi\u0119kny, obj\u0119ty opiek\u0105 konserwatora zabytk\u00f3w budynek bezpiecznie zlokalizowany z dala od ulicy, przy parku miejskim, co wp\u0142ywa na bardzo dobre i bezpieczne warunki nauki. Posiada sal\u0119 gimnastyczn\u0105, aul\u0119, bibliotek\u0119 z czytelni\u0105, boiska sportowe (Orlik), plac zabaw, sto\u0142\u00f3wk\u0119, \u015bwietlic\u0119 oraz sal\u0119 komputerow\u0105. Kamienna 18 (klasy 4-8) \u2013 znajduje si\u0119 tu sala gimnastyczna, klasopracownia komputerowa, sto\u0142\u00f3wka, biblioteka z czytelni\u0105, boiska sportowe (Orlik) oraz sale wyposa\u017cone w nowoczesne urz\u0105dzenia multimedialne. W budynku dost\u0119pna jest tak\u017ce sala wycisze\u0144 oraz sala sensoryczna. Budynek przystosowany jest dla os\u00f3b z niepe\u0142nosprawno\u015bciami i obecnie poddawany termomodernizacji. Szko\u0142a od roku szkolnego 2024\/2025 bierze udzia\u0142 w projekcie unijnym \u201eKa\u017cdy ucze\u0144 jest inny \u2013 edukacja w\u0142\u0105czaj\u0105ca w Mie\u015bcie Kwidzyn\u201d. Projekt ma na celu wdro\u017cenie modelu edukacji w\u0142\u0105czaj\u0105cej w szko\u0142ach podstawowych. Zadania zaplanowane w ramach projektu to m.in. specjalistyczne wsparcie ucznia poprzez zaj\u0119cia dostosowane do jego potrzeb, mo\u017cliwo\u015b\u0107 konsultacji oraz indywidualnych spotka\u0144 ze specjalistami. Ka\u017cdy ucze\u0144 zapisany do projektu ma mo\u017cliwo\u015b\u0107 uczestnictwa w zaj\u0119ciach: socjoterapeutycznych, logopedycznych, doradztwa zawodowego, integracji sensorycznej, TUS, warsztatach z kompetencji w zakresie uczenia si\u0119, rozumienia informacji oraz logicznego my\u015blenia, oraz wielu innych. Od wrze\u015bnia 2026 planowane jest po\u0142\u0105czenie dw\u00f3ch budynk\u00f3w w jeden przy ul. Kamiennej 18, dbaj\u0105c szczeg\u00f3lnie o komfort i bezpiecze\u0144stwo naszych najm\u0142odszych uczni\u00f3w. Szko\u0142a przy organizacji zaj\u0119\u0107 wsp\u00f3\u0142pracuje z instytucjami zewn\u0119trznymi: Klubami Sportowymi (ROD\u0141O KWIDZYN, AKADEMIA PI\u0141KARSKA CHAMPIONS), Multicentrum, Zielon\u0105 Szko\u0142\u0105 w Brachlewie, Eko-Inicjatyw\u0105, Gminnym O\u015brodkiem Kultury, Kwidzy\u0144skim Centrum Kultury, Bibliotek\u0105 Miejsko-Powiatow\u0105 w Kwidzynie, Instytutem Pami\u0119ci Narodowej w Gda\u0144sku, Centrum Edukacji Obywatelskiej w Warszawie. Szko\u0142a wyposa\u017cona jest w nowoczesne narz\u0119dzia TIK wykorzystywane w procesie edukacyjnym (komputery, rzutniki, tablice interaktywne i multimedialne, tablety, ozoboty i roboty interaktywne). W ka\u017cdym budynku znajduje si\u0119 sala gimnastyczna, boisko sportowe (Orlik), biblioteka oraz sto\u0142\u00f3wka. Posiadamy pi\u0119kn\u0105 zabytkow\u0105 aul\u0119 ze scen\u0105, na kt\u00f3rej wystawiane s\u0105 spektakle szkolne. Szko\u0142a realizuje nast\u0119puj\u0105ce programy i projekty: Centrum Aktywno\u015bci Kreatywnej, Centrum Aktywno\u015bci Dzieci\u0119ce Rado\u015bci, Centrum Aktywno\u015bci Przedsi\u0119biorczej, \u201eProgram dla szk\u00f3\u0142\u201d \u2013 uczniom udost\u0119pniane s\u0105 owoce, warzywa, soki, mleko i przetwory mleczne, \u201eSzko\u0142a Promuj\u0105ca Zdrowie\u201d, \u201eZdolni z Pomorza\u201d, \u201eOd kodowania do programowania\u201d, \u201eTrzymaj Form\u0119\u201d, \u201eSmaki Jesieni\u201d, \u201eDobry wyb\u00f3r\u201d, Wsp\u00f3\u0142praca z KSSK Gward, Wsp\u00f3\u0142praca z IPN, \u201eRowerowy Kwidzyn\u201d \u2013 wsp\u00f3\u0142praca z Urz\u0119dem Miasta w Kwidzynie, Innowacje pedagogiczne, Wolontariat, Klasy integracyjne, Mi\u0119dzynarodowy Projekt Edukacyjny \u201eCzytam z klas\u0105 \u2013 Lekturki spod chmurki\u201d, \u201eZ kultur\u0105 mi do twarzy\u201d. Nad bezpiecze\u0144stwem uczni\u00f3w czuwaj\u0105: Nauczyciele, Opieka medyczna, Pedagog, Pedagog specjalny, Psycholog, Monitoring wizyjny. Ka\u017cdy ucze\u0144 posiada szafk\u0119 szkoln\u0105. Posiadamy bezpieczne wej\u015bcie do szko\u0142y: wideofon. Dodatkowe cechy: J\u0119zyki obce \u2013 profesjonalnie wyposa\u017cona sala j\u0119zykowa, Zaj\u0119cia komputerowe \u2013 profesjonalnie wyposa\u017cona sala, Zaj\u0119cia sportowe, Zaj\u0119cia ze specjalistami (psycholog, pedagog, logopeda), Religia. KLASY INTEGRACYJNE Prowadzimy nab\u00f3r uczni\u00f3w\u00a0 na poziomie klas I. Dlaczego warto wybra\u0107 klas\u0119 integracyjn\u0105?\u00a0 \u00a0 \u00a0 \u00a0 \u00a0 Jest wyj\u0105tkowa pod wieloma wzgl\u0119dami: ma\u0142a liczba uczni\u00f3w w klasie (do 20 w tym do 5 uczni\u00f3w z orzeczeniem) pozwalaj\u0105ca na indywidualizacj\u0119 pracy z uczniem, sta\u0142a pomoc nauczyciela wspomagaj\u0105cego dla uczni\u00f3w z orzeczeniem (oligofrenopedagoga, surdopedagoga, tyflopedagoga), dla dzieci z orzeczeniem dostosowanie tre\u015bci programowych do ich indywidualnych mo\u017cliwo\u015bci. REKRUTACJA ZA PO\u015aREDNICTWEM ELEKTRONICZNEJ PLATFORMY &#8222;NAB\u00d3R&#8221; HARMONOGRAM REKRUTACJI Wydrukowany za po\u015brednictwem platformy \u201cNAB\u00d3R\u201d dokument nale\u017cy z\u0142o\u017cy\u0107 w sekretariacie szko\u0142y \u2013 budynek przy ul. Kamiennej 18.<\/p>\n","protected":false},"author":1,"featured_media":0,"parent":0,"menu_order":0,"comment_status":"closed","ping_status":"closed","template":"","meta":{"footnotes":""},"class_list":["post-746","page","type-page","status-publish","hentry"],"acf":[],"_links":{"self":[{"href":"https:\/\/sp5.kwidzyn.pl\/index.php?rest_route=\/wp\/v2\/pages\/746","targetHints":{"allow":["GET"]}}],"collection":[{"href":"https:\/\/sp5.kwidzyn.pl\/index.php?rest_route=\/wp\/v2\/pages"}],"about":[{"href":"https:\/\/sp5.kwidzyn.pl\/index.php?rest_route=\/wp\/v2\/types\/page"}],"author":[{"embeddable":true,"href":"https:\/\/sp5.kwidzyn.pl\/index.php?rest_route=\/wp\/v2\/users\/1"}],"replies":[{"embeddable":true,"href":"https:\/\/sp5.kwidzyn.pl\/index.php?rest_route=%2Fwp%2Fv2%2Fcomments&post=746"}],"version-history":[{"count":80,"href":"https:\/\/sp5.kwidzyn.pl\/index.php?rest_route=\/wp\/v2\/pages\/746\/revisions"}],"predecessor-version":[{"id":5623,"href":"https:\/\/sp5.kwidzyn.pl\/index.php?rest_route=\/wp\/v2\/pages\/746\/revisions\/5623"}],"wp:attachment":[{"href":"https:\/\/sp5.kwidzyn.pl\/index.php?rest_route=%2Fwp%2Fv2%2Fmedia&parent=746"}],"curies":[{"name":"wp","href":"https:\/\/api.w.org\/{rel}","templated":true}]}}